= 50*o**2 - 5*o - 4. Let v be s(-1). Calculate the greatest common factor of 17 and v.
17
Let v(a) = a**3 - 12*a**2 + 10. Let o be v(12). Suppose -8*k = -o*k + 10. What is the highest common divisor of k and 40?
5
Suppose 4*m + 33 = 105. Let y = 208 + -53. Suppose -4*w + y = -w + 5*s, -5*s = -5*w + 205. What is the highest common divisor of m and w?
9
Let u be (1 + -1 + -9)*(-80)/15. Calculate the greatest common factor of u and 120.
24
Let m = 36 + -3. What is the highest common divisor of m and 363?
33
Suppose 0 = -4*h - 5*h + 585. Suppose 5*r - 5 - 34 = -3*l, 0 = -2*l + 2*r + 26. Calculate the greatest common factor of l and h.
13
Suppose 0 = 4*r - r - 240. What is the highest common divisor of 10 and r?
10
Suppose 29 + 55 = 21*a. Calculate the greatest common factor of a and 128.
4
Suppose 1139 = 14*l + 383. Calculate the greatest common factor of l and 27.
27
Let s(g) = -g**2. Let a be s(1). Let d be (4*-6 - 0)/a. Calculate the greatest common factor of 60 and d.
12
Suppose 0*d = y - 4*d - 3, -3*d = -12. Calculate the greatest common divisor of 19 and y.
19
Suppose -3*a - 2*a = -30. Suppose -i - 120 = -a*i. Calculate the highest common factor of i and 6.
6
Let w be ((-24)/(-5))/(36/120). Let z be 42 + -1*2 - 0. What is the highest common factor of w and z?
8
Let z(s) = 5 - 6 - 4*s + 6*s**2 + 5*s. Let f be z(2). Calculate the greatest common factor of f and 25.
25
Let k(t) = t**2 - 10*t + 8. Let w be k(10). Let g = -48 - -120. Calculate the highest common factor of w and g.
8
Suppose 4*j = 5*a + 32 + 5, 0 = 3*a - 9. What is the greatest common divisor of j and 104?
13
Let t = -7 + 14. Suppose 0*x = -2*x + 20. Suppose -2*a + x = -4. What is the highest common factor of a and t?
7
Let c be 0*(-3)/9 + -3. Let z be -10*((-3)/c + -2). Calculate the greatest common divisor of 5 and z.
5
Let q = 88 + -43. Let a(o) = 3 - 1 - 8*o + 2 + 1 + o**2. Let l be a(8). What is the highest common factor of l and q?
5
Suppose -3*k + k + 30 = 0. Let o = 11 - k. Let t = -1 - o. What is the greatest common factor of t and 2?
1
Suppose 42 = 3*r + r + 2*u, 5*u = 2*r - 27. Let g = 0 - -1. Calculate the greatest common factor of r and g.
1
Let k be (2/(-8))/(14/(-168)). What is the highest common divisor of k and 12?
3
Let z = 0 - -5. Suppose 0*m + 5*l - 73 = -m, -5*m + 261 = -l. Let h = m - 18. What is the greatest common factor of z and h?
5
Let h = 13 + -5. Let r be (-2883)/(-18) + 3/(-18). Suppose l + r = 6*l. What is the greatest common factor of l and h?
8
Suppose -24 = -5*h + 2*b, 4*b + 0*b - 8 = -4*h. Let p(o) = -3*o - 17. Let i be p(-11). What is the greatest common factor of h and i?
4
Suppose 5*v - 336 = 144. What is the greatest common divisor of 36 and v?
12
Let c = -31 + 66. Calculate the highest common factor of 5 and c.
5
Let i be 0/(0 + 4) + 4. Suppose -3*t - 485 = -3*q - 2*t, -4*q + 620 = i*t. Calculate the greatest common factor of q and 20.
20
Let r be 33 - (-5 + 4) - -1. What is the highest common divisor of r and 35?
35
Let s(k) = k**2 + 2*k + 1. Let w be s(-1). Suppose w = -3*t - 24 + 144. Calculate the greatest common divisor of 10 and t.
10
Suppose -5*u + 17 = 2*g, 0*u - 2*g - 33 = -5*u. Let p(a) = 25*a - 8. Let v be p(u). Calculate the highest common divisor of v and 13.
13
Let i = 32 - 25. What is the highest common divisor of i and 42?
7
Let s = 68 - 26. Calculate the highest common factor of 6 and s.
6
Let x be (-594)/(-15)*10/4. Calculate the highest common divisor of x and 11.
11
Let r = 14 + 4. Suppose -4*w + 814 + 332 = 2*z, -z = 3*w - 861. Suppose 2*i + 0*i - w = 0. What is the greatest common factor of r and i?
18
Let d(b) = -b**3 + 7*b**2 - b. Let p be d(6). Suppose c - 6*c = -p. Suppose -3*j + 60 = -j. Calculate the highest common divisor of j and c.
6
Let l be (-17)/(-4) + 4/(-16). Suppose 5*f = -d + 10, -f + 99 = l*d + 2. What is the highest common divisor of d and 10?
5
Let b(z) be the second derivative of -z**5/20 + 11*z**4/12 - z**3/2 + 7*z**2/2 - 4*z. Let u be b(10). What is the highest common factor of u and 11?
11
Let k be (-6)/33 + 1260/33. What is the highest common factor of k and 57?
19
Suppose 5*y - 33 = -3*o + o, -66 = -5*o + 4*y. Suppose o = c - 0. What is the greatest common divisor of c and 154?
14
Let c(a) = -10*a + 48. Let q be c(-18). Calculate the greatest common factor of 57 and q.
57
Suppose 2*k - 2*f - 18 = -4, 3*k = 5*f + 31. Suppose -7 = -b + k*q, -3*b - 3*q = -3 - 0. Calculate the greatest common divisor of 6 and b.
3
Let y(h) = h**3 + 2*h**2 - 2*h - 2. Let s = -4 + 2. Let d be y(s). Suppose -2*u = 2*k - 14, d*u + u + k = 31. Calculate the greatest common divisor of u and 48.
12
Let p = 70 - 0. Calculate the highest common divisor of p and 10.
10
Let f(q) = q**2 - 9*q - 4. Let o be f(7). Let x be (1 + -1 - o)*1. Calculate the highest common divisor of 90 and x.
18
Suppose o + 26 = -3*h, 7 = -3*h - 3*o - 11. Let l be (-13)/(-3) - 2/(-3). Let m be ((-143)/2)/(l/h). What is the greatest common factor of m and 13?
13
Suppose 7*u - 1191 = 2043. Calculate the highest common divisor of 42 and u.
42
Let c be (-4)/(-6)*1*78. What is the highest common divisor of c and 130?
26
Suppose -v = -3*v + 124. Let c = -37 + v. Calculate the highest common divisor of c and 10.
5
Let v be 3/1 + 21 + 4. Calculate the highest common factor of v and 28.
28
Let s(p) = p - 1. Suppose 2*z + 32 = 2*f, z - 6*z + 19 = 4*f. Let i be s(f). What is the highest common factor of i and 50?
10
Let d(j) = -30*j - 2. Let p be d(-3). Calculate the highest common divisor of p and 11.
11
Suppose -2*m - 47 = -2*a - 1, 0 = -m - 3. Let b be (-4)/(-14) + (-4)/14. Suppose -t + 20 = -b*t. Calculate the greatest common factor of a and t.
20
Let n(x) = -x**3 - 3*x**2 + 4. Let l be n(-3). Let s be (-3)/(-2) - (-2)/4. Suppose s*z = l + 26. What is the greatest common factor of 135 and z?
15
Let f(y) = -4*y + 4. Let c be (7/3)/(1/3). Let r be f(c). Let b = -11 - r. Calculate the greatest common divisor of b and 143.
13
Let u be (-4)/6 - 152/(-12). Suppose -3*v - 192 = -4*v. Let h = v - 96. Calculate the greatest common divisor of h and u.
12
Let v = 83 + 77. Calculate the highest common factor of v and 40.
40
Let f = -30 + 62. Suppose -45 = -4*d + 19. What is the highest common factor of d and f?
16
Let j be (-3)/((-1)/(-2) + 1). Let w be (j*(-54)/(-3))/(-1). Calculate the highest common divisor of w and 24.
12
Let f(j) = j**3 + 11*j**2 - 4*j - 5. Let v be f(-11). What is the greatest common factor of 26 and v?
13
Let m be (-3 - -8)*(-102)/(-15). Calculate the greatest common factor of m and 51.
17
Let t(m) = m**2 - m + 23. Let u be t(0). Let j be -2 - -2*u/2. Calculate the highest common factor of j and 105.
21
Let u be -2*(-3 - -1)/1. Calculate the highest common divisor of u and 16.
4
Let o be (1 - 0) + (-6 - -19). Suppose -34 = 5*m + 141. Let v be m/(-2)*(-1 - -3). What is the greatest common factor of o and v?
7
Let n be 1/(4*(-4)/(-16)). Let j = 4 + 3. Calculate the greatest common divisor of n and j.
1
Let q be (1/(-2) - 0)*-2. Suppose 2*s = 25 + q. Let f = 433 + -290. Calculate the greatest common divisor of f and s.
13
Let j = 326 - 161. Suppose 6*o - j = 3*o. Let l = 14 - 3. What is the highest common factor of l and o?
11
Suppose 16 = 4*b - 16. Suppose -n = -5*z - 4, -2*n = -z - 0*n - b. Let c be (z + -1)/(5/(-80)). What is the highest common divisor of 16 and c?
16
Let v(w) = -4*w - 27. Let a be v(-8). Suppose -4*d = 3*i + i - 200, -i + 5*d = -50. Let n = i + -25. What is the highest common factor of n and a?
5
Let v = -14 - -16. What is the highest common factor of v and 2?
2
Let n be 3/(-12) + (-162)/(-8). Suppose 6*a - n = a. What is the greatest common divisor of a and 12?
4
Suppose -5*b + 538 = -3*s, 4*b - 432 = 2*s - 0*s. Suppose v = 2*v - b. What is the greatest common divisor of 11 and v?
11
Suppose -49 + 39 = -5*z. Suppose -2*q - 2*r + 50 = 0, q + 8 = 2*r + 24. Calculate the greatest common divisor of q and z.
2
Let f(v) = -5*v**2 + 5*v + 2. Let b be f(4). Let y = b + 118. What is the highest common divisor of 6 and y?
6
Suppose -3 = w - 4*w. Let y be 2 - -1 - (-9 + w). What is the greatest common factor of y and 1?
1
Suppose m + 3 = -0*m + 3*q, 3*q = 4*m + 12. Let v be (-21*1)/(m/9). Calculate the greatest common divisor of v an